{"id":122,"date":"2019-09-11T10:48:19","date_gmt":"2019-09-11T07:48:19","guid":{"rendered":"http:\/\/www.butiktii.fi\/?page_id=122"},"modified":"2019-10-16T17:02:12","modified_gmt":"2019-10-16T14:02:12","slug":"muodistus","status":"publish","type":"page","link":"https:\/\/www.butiktii.fi\/index.php\/muodistus\/","title":{"rendered":"MUODISTUS"},"content":{"rendered":"\n<h3 class=\"wp-block-heading\">Onko turkkisi k\u00e4ytt\u00e4m\u00e4tt\u00f6m\u00e4n\u00e4 kaapissa?<\/h3>\n\n\n\n<p>Ehk\u00e4 se tarvitsee pienen p\u00e4ivityksen;<br>olkalinjan kavennuksen, lyhennyksen tai kauluksen muutoksen.<br>Muodistamme my\u00f6s turkkisi aivan uuteen malliin, sporttiseksi sis\u00e4turkiksi, liiviksi tai erilaisiksi asusteiksi. Ekologinen kierr\u00e4tys kannattaa aina. <\/p>\n\n\n\nngg_shortcode_0_placeholder\n","protected":false},"excerpt":{"rendered":"<p>Onko turkkisi k\u00e4ytt\u00e4m\u00e4tt\u00f6m\u00e4n\u00e4 kaapissa? Ehk\u00e4 se tarvitsee pienen p\u00e4ivityksen;olkalinjan kavennuksen, lyhennyksen tai kauluksen muutoksen.Muodistamme my\u00f6s turkkisi aivan uuteen malliin, sporttiseksi sis\u00e4turkiksi, liiviksi tai erilaisiksi asusteiksi.&hellip;<\/p>\n","protected":false},"author":1,"featured_media":0,"parent":0,"menu_order":0,"comment_status":"closed","ping_status":"closed","template":"","meta":{"ngg_post_thumbnail":0,"footnotes":""},"class_list":["post-122","page","type-page","status-publish","hentry"],"_links":{"self":[{"href":"https:\/\/www.butiktii.fi\/index.php\/wp-json\/wp\/v2\/pages\/122","targetHints":{"allow":["GET"]}}],"collection":[{"href":"https:\/\/www.butiktii.fi\/index.php\/wp-json\/wp\/v2\/pages"}],"about":[{"href":"https:\/\/www.butiktii.fi\/index.php\/wp-json\/wp\/v2\/types\/page"}],"author":[{"embeddable":true,"href":"https:\/\/www.butiktii.fi\/index.php\/wp-json\/wp\/v2\/users\/1"}],"replies":[{"embeddable":true,"href":"https:\/\/www.butiktii.fi\/index.php\/wp-json\/wp\/v2\/comments?post=122"}],"version-history":[{"count":13,"href":"https:\/\/www.butiktii.fi\/index.php\/wp-json\/wp\/v2\/pages\/122\/revisions"}],"predecessor-version":[{"id":441,"href":"https:\/\/www.butiktii.fi\/index.php\/wp-json\/wp\/v2\/pages\/122\/revisions\/441"}],"wp:attachment":[{"href":"https:\/\/www.butiktii.fi\/index.php\/wp-json\/wp\/v2\/media?parent=122"}],"curies":[{"name":"wp","href":"https:\/\/api.w.org\/{rel}","templated":true}]}}